{"id":46,"date":"2022-01-25T09:08:39","date_gmt":"2022-01-25T09:08:39","guid":{"rendered":"https:\/\/aulamentor.cabezonpisuerga.com\/?page_id=46"},"modified":"2022-03-30T08:50:39","modified_gmt":"2022-03-30T08:50:39","slug":"preguntas-frecuentes","status":"publish","type":"page","link":"https:\/\/aulamentor.cabezonpisuerga.com\/?page_id=46","title":{"rendered":"Preguntas Frecuentes"},"content":{"rendered":"<p><strong>\u00bfQu\u00e9 es el aula mentor?<\/strong><\/p>\n<p>Aula Mentor es un sistema de formaci\u00f3n abierta y a distancia\u00a0 realizada a trav\u00e9s de Internet, puesto en marcha por el Ministerio de Educaci\u00f3n, con el que el Ayuntamiento de Cabez\u00f3n de Pisuerga\u00a0 hemos suscrito un convenio de colaboraci\u00f3n para facilitar el acceso a la ciudadan\u00eda a una amplia oferta formativa.<\/p>\n<p>Est\u00e1 basado en un sistema telem\u00e1tico de formaci\u00f3n avanzada que permite el acceso a los m\u00e1s de 150 cursos existentes desde cualquier lugar y horario, adapt\u00e1ndose a las necesidades y caracter\u00edsticas de cada persona.<\/p>\n<p><strong>\u00bfQui\u00e9n puede hacer los cursos?<\/strong><\/p>\n<p>La oferta formativa de Aula Mentor va dirigida a cualquier persona mayor de 18 a\u00f1os, independientemente de su formaci\u00f3n previa o nivel de estudio, que quiera mejorar su cualificaci\u00f3n personal o profesional.<\/p>\n<p><strong>\u00bfQu\u00e9 coste tienen los cursos?<\/strong><\/p>\n<p>El coste de la matr\u00edcula para un curso es de 48 euros con derecho a 60 d\u00edas y a dos convocatorias de examen. En el caso de que el tiempo no sea suficiente, se puede realizar una recarga de matricula con duraci\u00f3n de 30 d\u00edas por importe de 24 euros.<\/p>\n<p><strong>\u00bfC\u00f3mo matricularse?<\/strong><\/p>\n<p>La matr\u00edcula est\u00e1 permanentemente abierta y puede realizarse cualquier d\u00eda del a\u00f1o excepto durante el mes de agosto, en el horario de apertura del Aula Mentor. Estos son los pasos que debes seguir:<\/p>\n<ol>\n<li>Habla con el administrador del aula para inf\u00f3rmate sobre el curso que quieres realizar y su planificaci\u00f3n.<\/li>\n<li>Realiza el pago del curso 48\u20ac<\/li>\n<li>Env\u00edanos o entrega la copia del justificante de pago junto con tus datos personales (DNI, nombre y apellidos, fecha nacimiento, e-mail y tel\u00e9fono) y te daremos de alta.<\/li>\n<\/ol>\n<p><strong>\u00bfEl curso tiene una duraci\u00f3n determinada?\u00a0<\/strong><br \/>\nNo. Aula Mentor permite al alumno marcar su propio ritmo de trabajo, de manera que cada uno se distribuye el tiempo dedicado al curso seg\u00fan sus posibilidades. Existe una duraci\u00f3n m\u00ednima que est\u00e1 determinada por el n\u00famero de actividades del curso para respetar el env\u00edo paulatino de las mismas (Consulte la informaci\u00f3n espec\u00edfica del curso).<\/p>\n<p><strong>\u00bfDebe estar siempre conectado a Internet para seguir el curso?<\/strong><\/p>\n<p>Muchas tareas pueden realizarse sin necesidad de estar conectado a Internet: ya que es posible descargar algunos de los materiales. Sin embargo existen otras tareas en las que se precisa la conexi\u00f3n a Internet: acceso a la mesa de trabajo, evaluaciones en l\u00ednea, entrega de actividades al tutor,\u00a0 participaci\u00f3n en foros, env\u00edo y recepci\u00f3n de mensajes, etc.<\/p>\n<p><strong>\u00bfY si no dispone de Internet u ordenador en su domicilio o nunca ha navegado por Internet?<\/strong><\/p>\n<p>El Aula Mentor facilita el acceso a un equipo conectado a Internet as\u00ed como proporcionan lo m\u00e1s importante: el asesoramiento y la ayuda del administrador de aula.<\/p>\n<p><strong>\u00bfEl precio de la matr\u00edcula incluye los materiales did\u00e1cticos?<\/strong><\/p>\n<p>Todas las personas matriculadas tienen acceso a los recursos formativos en l\u00ednea. Los materiales se pueden descargar para disponer de ellos sin necesidad de estar conectados a Internet. En todo caso, el administrador del aula es el encargado de facilitar y completar esta informaci\u00f3n.<\/p>\n<p>Los cursos\u00a0NO\u00a0incluyen el software comercial.<\/p>\n<p><strong>\u00bfNecesita un ordenador con conexi\u00f3n a Internet y el programa del curso?<\/strong><\/p>\n<p>Toda persona que decida estudiar en su domicilio necesitar\u00e1 un ordenador con conexi\u00f3n a Internet y la aplicaci\u00f3n inform\u00e1tica correspondiente al curso. En el caso de acudir al aula, all\u00ed dispondr\u00e1 de todo lo necesario siempre que el curso sea ofertado por el aula en concreto ya que cada aula Mentor tiene libertad para incorporar a su oferta la totalidad o parte de los cursos de disponibles en Aula Mentor.<\/p>\n<p>&nbsp;<\/p>\n<p><strong>\u00bfQui\u00e9n es el tutor?<\/strong><\/p>\n<p>El tutor es una persona especializada en los contenidos de su curso, con experiencia docente y con dominio las aplicaciones telem\u00e1ticas a trav\u00e9s de Internet. Su labor tutorial consiste en apoyar, evaluar y hacer un seguimiento individualizado del proceso de aprendizaje de sus alumnos y alumnas. Tambi\u00e9n fomentar\u00e1 las interacciones entre las personas matriculadas en el curso para crear una din\u00e1mica de curso.<\/p>\n<p><strong>\u00bfCu\u00e1ndo recibir\u00e1 la respuesta del tutor?<\/strong><\/p>\n<p>El tutor o la tutora atiende la tutor\u00eda diariamente de forma que el alumnado obtendr\u00e1 las respuestas a sus consultas en un plazo no superior a 48 horas (sin contar fines de semana, festivos y el mes de agosto).<\/p>\n<p><strong>\u00bfSe puede realizar la matricula en m\u00e1s de un curso a la vez?<\/strong><\/p>\n<p>Cada curso est\u00e1 sujeto a una matr\u00edcula independiente. El alumno si lo desea puede realizar varios cursos a la vez siendo estos gestionados de forma independiente.<\/p>\n<p><strong>\u00bfQui\u00e9n es el administrador de aula?<\/strong><\/p>\n<p>Es la persona responsable del funcionamiento del aula, del asesoramiento y orientaci\u00f3n de los alumnos y de la gesti\u00f3n de la matr\u00edcula\u00a0 en los distintos cursos. Tambi\u00e9n asesora sobre el manejo de los equipos, de la plataforma y\u00a0 de las conexiones telem\u00e1ticas.<\/p>\n<p><strong>\u00bfCu\u00e1ndo se realiza la prueba final?<\/strong><\/p>\n<p>Aquellos alumnos que hayan realizado de forma correcta todas las actividades obligatorias del curso son \u00a0autorizadas a examen por su tutor. Para obtener el certificado de aprovechamiento el alumno debe superar una prueba final de car\u00e1cter presencial\u00a0 que se realizar\u00e1 en el aula. Existen cinco convocatorias de examen programadas en el a\u00f1o. Con el abono de la matr\u00edcula el alumno tiene derecho a presentarse en dos convocatorias. Si el alumno opta por no presentarse a examen puede hacerlo hasta un m\u00e1ximo de tres convocatorias.<\/p>\n<p><strong>\u00bfSe expide alg\u00fan tipo de certificaci\u00f3n al terminar el curso?<\/strong><\/p>\n<p>S\u00ed. Tras superar la prueba final se gestiona el certificado de aprovechamiento donde ir\u00e1n consignados los contenidos del curso y las horas estimadas. Dicho certificado estar\u00e1 firmado por el Ministerio de Educaci\u00f3n, Cultura y Deporte as\u00ed como por la <strong>Consejer\u00eda de Educaci\u00f3n de la Junta de Castilla y Le\u00f3n <\/strong>El alumno debe recoger el certificado en el aula en la que se ha matriculado. El plazo estimado es de dos meses tras cada convocatoria<\/p>\n<p>&nbsp;<\/p>\n","protected":false},"excerpt":{"rendered":"<p>\u00bfQu\u00e9 es el aula mentor? Aula Mentor es un sistema de formaci\u00f3n abierta y a distancia\u00a0 realizada a trav\u00e9s de Internet, puesto en marcha por el Ministerio de Educaci\u00f3n, con el que el Ayuntamiento de Cabez\u00f3n de Pisuerga\u00a0 hemos suscrito un convenio de colaboraci\u00f3n para facilitar el acceso a la ciudadan\u00eda a una amplia oferta [&hellip;]<\/p>\n","protected":false},"author":1,"featured_media":0,"parent":0,"menu_order":0,"comment_status":"closed","ping_status":"closed","template":"","meta":{"footnotes":""},"class_list":["post-46","page","type-page","status-publish","hentry"],"_links":{"self":[{"href":"https:\/\/aulamentor.cabezonpisuerga.com\/index.php?rest_route=\/wp\/v2\/pages\/46","targetHints":{"allow":["GET"]}}],"collection":[{"href":"https:\/\/aulamentor.cabezonpisuerga.com\/index.php?rest_route=\/wp\/v2\/pages"}],"about":[{"href":"https:\/\/aulamentor.cabezonpisuerga.com\/index.php?rest_route=\/wp\/v2\/types\/page"}],"author":[{"embeddable":true,"href":"https:\/\/aulamentor.cabezonpisuerga.com\/index.php?rest_route=\/wp\/v2\/users\/1"}],"replies":[{"embeddable":true,"href":"https:\/\/aulamentor.cabezonpisuerga.com\/index.php?rest_route=%2Fwp%2Fv2%2Fcomments&post=46"}],"version-history":[{"count":3,"href":"https:\/\/aulamentor.cabezonpisuerga.com\/index.php?rest_route=\/wp\/v2\/pages\/46\/revisions"}],"predecessor-version":[{"id":98,"href":"https:\/\/aulamentor.cabezonpisuerga.com\/index.php?rest_route=\/wp\/v2\/pages\/46\/revisions\/98"}],"wp:attachment":[{"href":"https:\/\/aulamentor.cabezonpisuerga.com\/index.php?rest_route=%2Fwp%2Fv2%2Fmedia&parent=46"}],"curies":[{"name":"wp","href":"https:\/\/api.w.org\/{rel}","templated":true}]}}